{"version":"1.0","type":"rich","width":"560px","height":"140px","title":"Ich packe meinen Koffer f\u00fcr Island - Die Web-Shownotes enthalten wie immer weiterf\u00fchrende Links, Ausf\u00fchrungen und vor allem Bilder zu den Inhalten der Episode. Du findest sie auf:","url":"https:\/\/fotophonie.de\/fotophonie-053-ich-packe-meinen-koffer-fuer-island\/","author_name":"fotophonie \u2013 Fotografie unterhaltsam vertont - Der Fotopodcast aus dem echten Norden, in dem fotografische Wahrheiten mit norddeutschem Charme besprochen werden.","author_url":"https:\/\/fotophonie.de","thumbnail_url":"https:\/\/fotophonie.de\/podcast\/fotophonie__053.jpg","html":"<iframe width=\"560px\" height=\"140px\" src=\"https:\/\/fotophonie.de\/fotophonie-053-ich-packe-meinen-koffer-fuer-island\/?standalonePlayer\"><\/iframe>"}

Ich packe meinen Koffer für Island - Die Web-Shownotes enthalten wie immer weiterführende Links, Ausführungen und vor allem Bilder zu den Inhalten der Episode. Du findest sie auf:
